 7f?
-81
In base 11, what is 52 - -31?
83
In base 10, what is -3 - -14?
11
In base 12, what is 188 - -25?
1b1
In base 11, what is 32 + -3?
2a
In base 8, what is 213 - -2?
215
In base 2, what is -10 - 1010101?
-1010111
In base 8, what is 130 + 0?
130
In base 7, what is 622 - -5?
630
In base 14, what is -489 + 4?
-485
In base 13, what is -c + 98b?
97c
In base 11, what is 255 + 3?
258
In base 5, what is -13213 - 1?
-13214
In base 6, what is -145 + -134?
-323
In base 16, what is -79e - -2?
-79c
In base 4, what is -321 + -211?
-1132
In base 8, what is 2 - -13255?
13257
In base 11, what is -2 + -407?
-409
In base 8, what is -5 + -464?
-471
In base 4, what is 31 - 300?
-203
In base 7, what is -4 + 11332?
11325
In base 13, what is 0 - 16b?
-16b
In base 9, what is -10 + 271?
261
In base 11, what is -4012 - -4?
-4009
In base 15, what is -cd - -18?
-b5
In base 4, what is 122 - -11?
133
In base 15, what is 3 + -666?
-663
In base 13, what is 12 + 366?
378
In base 12, what is 1a163 - 0?
1a163
In base 16, what is 0 + 692?
692
In base 5, what is -4 + 1231?
1222
In base 7, what is 210 - -102?
312
In base 6, what is 51312 - -4?
51320
In base 3, what is -2 - -11201120?
11201111
In base 4, what is 300 + 2?
302
In base 8, what is 2 + 765?
767
In base 9, what is -4378 - -1?
-4377
In base 8, what is 2 + 37?
41
In base 13, what is 3b - -7?
45
In base 4, what is 10 + 201?
211
In base 4, what is -10 - -3?
-1
In base 4, what is -2233 - 1?
-2300
In base 14, what is 1dd + 5?
204
In base 2, what is 10010110110 - -100?
10010111010
In base 12, what is -12 - -ba9?
b97
In base 6, what is -2 - 12442?
-12444
In base 15, what is 2 + -5c?
-5a
In base 16, what is 25 - 8?
1d
In base 14, what is -5 - 242?
-247
In base 10, what is -1 - 227?
-228
In base 7, what is 1110 - -6?
1116
In base 16, what is 5 - -da?
df
In base 12, what is -23 + -3?
-26
In base 3, what is -1010 + 102?
-201
In base 6, what is 1 - -13233?
13234
In base 16, what is -412 + 0?
-412
In base 6, what is -11 - 111?
-122
In base 8, what is -6 - 336?
-344
In base 5, what is -1031 - -13?
-1013
In base 4, what is -132 - -1?
-131
In base 9, what is 1 - 4367?
-4366
In base 3, what is 122 - 121?
1
In base 16, what is -10 + -a9?
-b9
In base 7, what is 334 - 5?
326
In base 6, what is 4112 - 2?
4110
In base 11, what is 1 - 7?
-6
In base 5, what is -10 - -40404?
40344
In base 8, what is 10 + 225?
235
In base 6, what is -4 - -1531?
1523
In base 3, what is 12 + -20000?
-12211
In base 15, what is -b + 1c?
11
In base 11, what is -3 + 2471?
2469
In base 14, what is -41 - -12?
-2d
In base 7, what is 44 - -4?
51
In base 12, what is 1 - -239?
23a
In base 13, what is 7100 - -4?
7104
In base 8, what is 24 + -3?
21
In base 5, what is 141 + -14?
122
In base 14, what is -2 + b8?
b6
In base 13, what is -2 + 1a93?
1a91
In base 15, what is 1e - -17?
36
In base 11, what is 22 - -26?
48
In base 11, what is 63 + -80?
-18
In base 7, what is -5205 - -4?
-5201
In base 7, what is 21 + 11?
32
In base 4, what is 31112 - -10?
31122
In base 2, what is 111000011110 + 10?
111000100000
In base 6, what is -15215 - -4?
-15211
In base 11, what is 80 - 0?
80
In base 14, what is 1 + -34?
-33
In base 11, what is -4 - -24?
20
In base 12, what is -326 + -2?
-328
In base 6, what is 20131 - -4?
20135
In base 12, what is 406a + -2?
4068
In base 5, what is -10 + -1031?
-1041
In base 9, what is -526 - -3?
-523
In base 14, what is 8b + -b?
80
In base 7, what is 163 + -1011?
-515
In base 15, what is -a5 + 3?
-a2
In base 5, what is 10 - -12041?
12101
In base 5, what is -12 + -1231?
-1243
In base 3, what is -200001022 - 0?
-200001022
In base 3, what is -220021 + 1?
-220020
In base 2, what is -1001100100010010 + 1?
-1001100100010001
In base 14, what is 39a - 5?
395
In base 3, what is 10 + -12212?
-12202
In base 9, what is -1228 + 4?
-1224
In base 2, what is 101011101011 - -10?
101011101101
In base 12, what is 3 + -122b?
-1228
In base 2, what is -10 - -1101101001101?
1101101001011
In base 12, what is 1 + -b47?
-b46
In base 16, what is -8 - -4?
-4
In base 4, what is -13 + 3012?
2333
In base 7, what is 2 - -1?
3
In base 7, what is -5100 - -4?
-5063
In base 15, what is e2 + -4?
dd
In base 2, what is 1111010 + 100?
1111110
In base 2, what is 10111001000111 - 100?
10111001000011
In base 10, what is 5 + -616?
-611
In base 8, what is 1072 - -3?
1075
In base 2, what is -10010101 + 11?
-10010010
In base 9, what is 6041 + 4?
6045
In base 11, what is 5 - 86?
-81
In base 7, what is 320 + 1?
321
In base 11, what is -5 - 1a41?
-1a46
In base 11, what is -2 - -8a?
88
In base 14, what is 1 - -426?
427
In base 10, what is -242 + -7?
-249
In base 12, what is 439 - -6?
443
In base 12, what is -568 + -2?
-56a
In base 6, what is 2 - -252?
254
In base 13, what is 97b - -3?
981
In base 11, what is -237 - 3?
-23a
In base 16, what is -5b8 - 0?
-5b8
In base 11, what is -1 - 67?
-68
In base 7, what is -540 + -3?
-543
In base 6, what is 0 + 13421?
13421
In base 15, what is 3 - 4?
-1
In base 9, what is -23 - -7?
-15
In base 2, what is -10100 + 110110?
100010
In base 8, what is -157 + 2?
-155
In base 3, what is -11211100 + 0?
-11211100
In base 7, what is 140 - -1?
141
In base 14, what is -68 - -4?
-64
In base 10, what is 7394 + -3?
7391
In base 13, what is -1219 - -3?
-1216
In base 15, what is 1c4 + -c?
1b7
In base 6, what is 13142 + 12?
13154
In base 10, what is 78 - -51?
129
In base 16, what is -10 + 31?
21
In base 14, what is 2 + -176?
-174
In base 4, what is 100 - 12000?
-11300
In base 6, what is 0 + -1424?
-1424
In base 9, what is -5201 - -1?
-5200
In base 7, what is 1 - 131?
-130
In base 4, what is -3 + -113?
-122
In base 2, what is -110 - 1100011?
-1101001
In base 15, what is -d - 15?
-23
In base 11, what is 2 - 23?
-21
In base 10, what is 10 - 2?
8
In base 12, what is -a + 122?
114
In base 2, what is -101110 + 100?
-101010
In base 6, what is 3255 + 3?
3302
In base 6, what is -3 + -1213?
-1220
In base 2, what is 1000100 - -1001?
1001101
In base 8, what is 664 - -10?
674
In base 8, what is -55 - -24?
-31
In base 16, what is -7b - -1?
-7a
In base 10, what is -2259 - 1?
-2260
In base 6, what is -35 + 55?
20
In base 15, what is -3a - 3a?
-75
In base 10, what is -460 - 30?
-490
In base 3, what is 10 - -2002?
2012
In base 10, what is 140 - 10?
130
In base 10, what is -38 + 10?
-28
In base 10, what is -18 + -13?
-31
In base 5, what is -4 - -4?
0
In base 8, what is -126 + -46?
-174
In base 16, what is -170 - -4?
-16c
In base 3, what is -102 + -100?
-202
In base 5, what is 2 + 1012?
1014
In base 7, what is -4 - -256?
252
In base 2, what is 1 - 1010000?
-1001111
In base 12, what is -40 + 59?
19
In base 6, what is -33 + -120?
-153
In base 5, what is -2 + 341?
334
In base 16, what is -143d - 4?
-1441
In base 4, what is 1121 - 30?
1031
In base 7, what is 3 + -4244?
-4241
In base 9, what is 2 + -3765?
-3763
In base 9, what is 42 - -7?
50
In base 15, what is de + -2?
dc
In base 12, what is 4 - -13?
17
In base 8, what is -1354 - -2?
-1352
In base 8, what is -16741 + -5?
-16746
In base 2, what is -101 - -100?
-1
In base 6, what is 1 - -12211?
12212
In base 3, what is 0 + -1110?
-1110
In base 9, what is -5 - -48?
43
In base 13, what is aa + 5?
b2
In base 2, what is -10 - -1010100011?
1010100001
In base 8, what is 16 + -11?
5
In base 5, what is 10 - 1400?
-1340
In base 14, what is -6 + 65?
5d
In base 5, what is 0 - -411?
411
In base 15, what is 0 + 21?
21
In base 7, what is -13 + 104?
61
In base 16, what is -74 + 3?
-71
In base 16, what is 15 - -e?
23
In base 9, what is 3 - -182?
185
In base 13, what is -6 - 8a?
-93
In base 15, what is -3a - 9?
-44
In base 9, what is -731 - 0?
-731
In base 10, what is -8 + 249?
241
In base 16, what is -c - cf?
-db
In base 13, what is -11c - 6?
-125
In base 12, what is 4 + 3a?
42
In base 14, what is 3 + 79?
7c
In base 5, what is 20 + -20310?
-20240
In base 4, what is 1012 + -13?
333
In base 12, what is -44 - 78?
-100
In base 16, what is f + a?
19
In base 13, what is -347 - -5?
-342
In base 14, what is 196 + -19?
17b
In base 12, what is 8 - 342?
-336
In base 7, what is -311 - 3?
-314
In base 8, what is -4 - -344?
340
In base 8, what is -1122 + -1?
-1123
In base 9, what is 337 + 0?
337
In base 12, what is -2232 + -1?
-2233
In base 6, what is -2230 - -103?
-2123
In base 2, what is 100 